 4777487.
11, 13, 33409
What are the prime factors of 3121299?
3, 29, 11959
What are the prime factors of 4070437?
7, 581491
List the prime factors of 4409431.
13, 339187
What are the prime factors of 5948244?
2, 3, 165229
List the prime factors of 13657183.
13657183
List the prime factors of 11653871.
97, 317, 379
What are the prime factors of 5033070?
2, 3, 5, 7, 2663
List the prime factors of 4156792.
2, 503, 1033
What are the prime factors of 42953?
42953
List the prime factors of 2300171.
509, 4519
List the prime factors of 5565085.
5, 967, 1151
List the prime factors of 3700784.
2, 231299
List the prime factors of 378627.
3, 61, 2069
What are the prime factors of 162460?
2, 5, 8123
List the prime factors of 1133844.
2, 3, 19, 4973
List the prime factors of 3549624.
2, 3, 13, 31, 367
List the prime factors of 19600335.
3, 5, 435563
What are the prime factors of 2661282?
2, 3, 13, 17, 223
What are the prime factors of 9340752?
2, 3, 17, 11447
List the prime factors of 16895960.
2, 5, 17, 24847
List the prime factors of 206027.
206027
What are the prime factors of 55133?
13, 4241
List the prime factors of 2216264.
2, 449, 617
List the prime factors of 3003449.
3003449
What are the prime factors of 12676837?
61, 71, 2927
What are the prime factors of 1878063?
3, 11, 56911
What are the prime factors of 2366176?
2, 73943
List the prime factors of 146082.
2, 3, 97, 251
What are the prime factors of 213613?
213613
List the prime factors of 1034327.
7, 147761
List the prime factors of 14349594.
2, 3, 7, 149, 2293
What are the prime factors of 377021?
377021
List the prime factors of 24103877.
7, 3443411
List the prime factors of 2908565.
5, 11, 52883
List the prime factors of 388123.
193, 2011
What are the prime factors of 900787?
61, 14767
What are the prime factors of 2220348?
2, 3, 13, 43, 331
List the prime factors of 904502.
2, 17, 37, 719
What are the prime factors of 2443213?
2443213
List the prime factors of 945104.
2, 59069
What are the prime factors of 1793601?
3, 199289
List the prime factors of 580311.
3, 21493
What are the prime factors of 7610860?
2, 5, 79, 4817
What are the prime factors of 851321?
851321
List the prime factors of 2865129.
3, 17, 56179
What are the prime factors of 470469?
3, 156823
List the prime factors of 517278.
2, 3, 73, 1181
What are the prime factors of 1217280?
2, 3, 5, 317
List the prime factors of 12036406.
2, 23, 53, 4937
What are the prime factors of 13784546?
2, 6892273
List the prime factors of 1501397.
367, 4091
List the prime factors of 6537040.
2, 5, 41, 1993
What are the prime factors of 3499031?
83, 42157
List the prime factors of 578595.
3, 5, 17, 2269
What are the prime factors of 582792?
2, 3, 7, 3469
What are the prime factors of 36571123?
47, 778109
What are the prime factors of 980469?
3, 7, 79, 197
What are the prime factors of 692788?
2, 31, 37, 151
List the prime factors of 206915.
5, 29, 1427
List the prime factors of 642881.
642881
List the prime factors of 5117644.
2, 7, 182773
What are the prime factors of 9201620?
2, 5, 460081
List the prime factors of 347173.
347173
What are the prime factors of 133650?
2, 3, 5, 11
What are the prime factors of 247900?
2, 5, 37, 67
What are the prime factors of 47469?
3, 15823
What are the prime factors of 262332?
2, 3, 7, 347
What are the prime factors of 5215893?
3, 491, 3541
List the prime factors of 7318110.
2, 3, 5, 83, 2939
List the prime factors of 2849877.
3, 59, 1789
What are the prime factors of 17250049?
17250049
What are the prime factors of 1333655?
5, 23, 11597
List the prime factors of 7135535.
5, 11, 129737
What are the prime factors of 18743042?
2, 73, 128377
List the prime factors of 491531.
491531
What are the prime factors of 854219?
37, 23087
List the prime factors of 8943149.
61, 146609
List the prime factors of 3039219.
3, 337691
What are the prime factors of 1446908?
2, 361727
List the prime factors of 259177.
259177
List the prime factors of 487441.
17, 53, 541
What are the prime factors of 3448434?
2, 3, 11, 52249
List the prime factors of 636028.
2, 29, 5483
What are the prime factors of 5184105?
3, 5, 345607
List the prime factors of 17359147.
13, 1335319
What are the prime factors of 789063?
3, 11, 23911
What are the prime factors of 2382355?
5, 61, 73, 107
What are the prime factors of 938262?
2, 3, 13, 23, 523
What are the prime factors of 15145?
5, 13, 233
List the prime factors of 427469.
7, 79, 773
What are the prime factors of 301429?
301429
List the prime factors of 3157647.
3, 23, 45763
List the prime factors of 1540251.
3, 17, 10067
List the prime factors of 293842.
2, 146921
List the prime factors of 179037.
3, 19, 349
What are the prime factors of 459876?
2, 3, 19, 2017
List the prime factors of 14586900.
2, 3, 5, 48623
List the prime factors of 47559.
3, 83, 191
What are the prime factors of 1352274?
2, 3, 7, 11, 2927
List the prime factors of 1083364.
2, 270841
List the prime factors of 585429.
3, 13, 17, 883
List the prime factors of 83613.
3, 47, 593
What are the prime factors of 2304489?
3, 11, 69833
List the prime factors of 268888.
2, 19, 29, 61
List the prime factors of 5917835.
5, 7, 11, 19, 809
List the prime factors of 8817885.
3, 5, 29, 233
List the prime factors of 1095119.
1095119
List the prime factors of 18371076.
2, 3, 263, 5821
What are the prime factors of 6567387?
3, 311, 7039
What are the prime factors of 67951?
13, 5227
List the prime factors of 2035136.
2, 31799
List the prime factors of 529700.
2, 5, 5297
What are the prime factors of 4149984?
2, 3, 139, 311
List the prime factors of 5507802.
2, 3, 67, 4567
What are the prime factors of 1728186?
2, 3, 17, 16943
What are the prime factors of 33799802?
2, 59, 107, 2677
List the prime factors of 30293417.
7, 11, 31, 37
List the prime factors of 17418817.
13, 1339909
What are the prime factors of 526937?
526937
List the prime factors of 271615.
5, 54323
What are the prime factors of 236213?
199, 1187
What are the prime factors of 23622566?
2, 11, 43, 24971
What are the prime factors of 1218909?
3, 353, 1151
What are the prime factors of 1169351?
31, 67, 563
List the prime factors of 3049390.
2, 5, 61, 4999
List the prime factors of 213706.
2, 106853
What are the prime factors of 148912?
2, 41, 227
What are the prime factors of 14678098?
2, 7339049
List the prime factors of 1443956.
2, 360989
List the prime factors of 198404.
2, 193, 257
List the prime factors of 186882.
2, 3, 31147
List the prime factors of 599696.
2, 37, 1013
List the prime factors of 132047.
132047
List the prime factors of 439726.
2, 7, 641
What are the prime factors of 240391?
421, 571
List the prime factors of 12361014.
2, 3, 686723
What are the prime factors of 323741?
11, 19, 1549
List the prime factors of 40484.
2, 29, 349
List the prime factors of 495171.
3, 37, 1487
What are the prime factors of 150416?
2, 7, 17, 79
What are the prime factors of 899819?
113, 7963
List the prime factors of 2454791.
2454791
List the prime factors of 126546.
2, 3, 7, 23, 131
List the prime factors of 8724405.
3, 5, 67, 8681
What are the prime factors of 194331?
3, 211, 307
List the prime factors of 254716.
2, 7, 11, 827
What are the prime factors of 2508786?
2, 3, 7, 6637
List the prime factors of 799160.
2, 5, 19979
What are the prime factors of 354603?
3, 17, 409
List the prime factors of 29186863.
29186863
List the prime factors of 3787328.
2, 17, 59
What are the prime factors of 295825?
5, 11833
What are the prime factors of 7308?
2, 3, 7, 29
List the prime factors of 127621.
13, 9817
List the prime factors of 1138304.
2, 8893
List the prime factors of 395299.
29, 43, 317
List the prime factors of 20355.
3, 5, 23, 59
List the prime factors of 703317.
3, 23, 10193
List the prime factors of 136490.
2, 5, 13649
What are the prime factors of 290524?
2, 13, 37, 151
What are the prime factors of 310580?
2, 5, 53, 293
What are the prime factors of 21831615?
3, 5, 13, 67, 557
What are the prime factors of 98697?
3, 167, 197
What are the prime factors of 105472?
2, 103
List the prime factors of 6671345.
5, 109, 12241
List the prime factors of 1079922.
2, 3, 19, 9473
What are the prime factors of 226824?
2, 3, 13, 727
List the prime factors of 838866.
2, 3, 7, 19973
List the prime fa